and 5347795.
137
Calculate the greatest common divisor of 3864 and 568848.
168
What is the highest common factor of 238 and 39323858?
14
What is the highest common factor of 2864 and 1029328?
16
What is the greatest common factor of 90 and 1391967?
9
What is the highest common factor of 30250 and 1446478?
22
What is the greatest common factor of 2200 and 421975?
25
Calculate the greatest common divisor of 1982763 and 13.
1
Calculate the greatest common divisor of 707664 and 71438.
46
What is the highest common divisor of 29551 and 29232?
29
What is the highest common factor of 64827 and 91329?
21
What is the greatest common factor of 132 and 118481176?
44
Calculate the greatest common factor of 5038 and 1331635.
229
Calculate the greatest common factor of 1287 and 2618307.
9
What is the greatest common divisor of 13144 and 8040842?
3286
What is the greatest common divisor of 840769 and 631159?
2329
What is the highest common factor of 13733880 and 820?
20
What is the highest common factor of 1422234 and 1188?
198
What is the greatest common factor of 256 and 23188280?
8
Calculate the greatest common factor of 13014824 and 888.
296
What is the greatest common factor of 6 and 73450582?
2
Calculate the greatest common divisor of 14715240 and 199660.
2980
What is the highest common divisor of 49 and 11184229?
7
Calculate the highest common divisor of 320 and 2569481920.
320
What is the highest common factor of 88 and 5522488?
8
Calculate the greatest common divisor of 540256622 and 1132.
566
What is the highest common divisor of 91749 and 2191?
7
What is the highest common factor of 4396223 and 637?
13
Calculate the greatest common factor of 17590 and 23778162.
3518
Calculate the highest common divisor of 6963060 and 245.
5
Calculate the highest common factor of 15 and 56595795.
15
Calculate the greatest common factor of 6063936 and 38976.
192
Calculate the highest common divisor of 2211 and 83964.
3
What is the highest common factor of 81 and 55634877?
27
Calculate the highest common divisor of 3289 and 22057607.
143
Calculate the greatest common divisor of 1022333 and 15808.
247
Calculate the greatest common divisor of 22167 and 60642.
27
What is the highest common divisor of 152 and 5671144?
8
Calculate the greatest common factor of 119673396 and 18.
18
Calculate the highest common factor of 400 and 11761550.
50
What is the highest common factor of 20 and 1497828?
4
Calculate the highest common divisor of 3315492 and 64809.
3411
What is the highest common divisor of 11858977 and 42184?
5273
What is the greatest common factor of 233097956 and 2296?
1148
Calculate the highest common divisor of 3152 and 2084912.
16
What is the highest common divisor of 124 and 57936024?
124
Calculate the highest common divisor of 6501 and 361420928.
2167
Calculate the greatest common factor of 96 and 7750752.
96
What is the highest common factor of 56366289 and 450?
9
What is the greatest common factor of 34708780 and 40?
20
Calculate the greatest common factor of 774486 and 53151.
7593
What is the highest common factor of 1400 and 247702700?
700
What is the highest common divisor of 440684 and 21025?
841
What is the highest common factor of 45744 and 588?
12
What is the greatest common divisor of 571964 and 118841?
23
What is the highest common divisor of 4681 and 135055457?
151
What is the greatest common divisor of 1096741372 and 10092?
3364
What is the greatest common divisor of 187784961 and 5453?
5453
Calculate the highest common divisor of 10384 and 103053648.
944
What is the highest common divisor of 137232270 and 1260?
630
Calculate the highest common factor of 177416 and 100232.
536
Calculate the greatest common divisor of 195 and 30371172.
39
Calculate the highest common factor of 1236 and 1673220.
12
Calculate the greatest common factor of 23858964 and 5952.
372
Calculate the highest common divisor of 29536 and 21528.
104
Calculate the greatest common factor of 112 and 565823744.
16
Calculate the greatest common factor of 2278359 and 28459.
149
Calculate the greatest common divisor of 199733 and 310930.
527
What is the greatest common factor of 6057238 and 7353?
817
What is the highest common divisor of 57406851 and 18147?
789
Calculate the greatest common divisor of 314720 and 3710.
70
What is the highest common divisor of 62543186 and 3186?
118
Calculate the greatest common factor of 2832 and 633720.
24
Calculate the greatest common factor of 3626 and 745552738.
3626
What is the greatest common factor of 27956 and 20516?
4
What is the greatest common factor of 105 and 31010763?
21
What is the greatest common factor of 324 and 4729836?
12
What is the greatest common divisor of 760 and 68491048?
152
Calculate the greatest common divisor of 177309330 and 330.
330
Calculate the highest common divisor of 552 and 749064.
552
Calculate the greatest common divisor of 177 and 23283465.
177
What is the highest common factor of 1839552 and 133276?
572
Calculate the highest common divisor of 135994 and 2767604.
194
What is the greatest common divisor of 224 and 37822064?
112
Calculate the greatest common factor of 248 and 158328966.
62
Calculate the greatest common divisor of 29422987 and 517.
517
What is the greatest common factor of 866 and 2732663?
433
What is the greatest common divisor of 12845792 and 240?
16
Calculate the highest common factor of 129916568 and 2968.
424
What is the greatest common factor of 1794069 and 162?
81
Calculate the greatest common factor of 7298 and 541282.
82
What is the greatest common factor of 34487 and 1595?
1
Calculate the highest common factor of 145503 and 33285.
951
Calculate the highest common factor of 64707768 and 864.
216
What is the highest common factor of 2367 and 46917096?
789
What is the highest common divisor of 157079134 and 74?
74
What is the greatest common divisor of 10605 and 14636415?
1515
What is the highest common factor of 37995588 and 96?
12
What is the highest common divisor of 319088 and 2094064?
784
Calculate the greatest common divisor of 48800 and 5982575.
1525
What is the greatest common divisor of 20 and 66310420?
20
Calculate the highest common divisor of 104815220 and 40.
20
What is the greatest common factor of 652212 and 582428?
2684
Calculate the greatest common divisor of 62 and 30611384.
62
Calculate the greatest common divisor of 135902235 and 840.
105
Calculate the greatest common factor of 73 and 707166403.
73
What is the greatest common divisor of 3198 and 16341?
39
Calculate the greatest common divisor of 230920 and 700120.
920
What is the highest common factor of 2079848 and 2296?
328
Calculate the greatest common divisor of 256 and 703720.
8
What is the greatest common factor of 1164 and 16356?
12
What is the highest common divisor of 618435 and 696?
3
Calculate the greatest common factor of 494082900 and 1020.
1020
Calculate the greatest common divisor of 50 and 647775.
25
Calculate the highest common divisor of 1596 and 512484.
84
What is the highest common divisor of 293976 and 5912?
8
Calculate the greatest common factor of 1893110 and 60.
10
What is the highest common factor of 184462 and 8642?
298
Calculate the highest common divisor of 54 and 5696199.
9
What is the greatest common factor of 166642 and 2184?
14
What is the greatest common divisor of 42 and 20325914?
14
What is the greatest common factor of 15498028 and 1274?
182
What is the greatest common factor of 47 and 22221?
1
Calculate the greatest common factor of 151124525 and 75.
25
Calculate the greatest common divisor of 516 and 108760932.
516
Calculate the highest common factor of 443211225 and 300.
75
Calculate the highest common divisor of 545 and 366543565.
545
Calculate the greatest common factor of 2707260 and 120.
60
What is the greatest common divisor of 308430 and 36853958?
6854
What is the greatest common divisor of 34909335 and 36?
9
Calculate the greatest common factor of 26206110 and 630.
630
Calculate the greatest common factor of 5656 and 7827096.
808
Calculate the highest common divisor of 82 and 535693741.
41
What is the greatest common factor of 15744 and 23580?
12
Calculate the highest common factor of 1257975 and 6075.
225
Calculate the highest common divisor of 8064 and 33285504.
2688
What